t -1 (base 15) to base 9.
-1
Convert -150 (base 12) to base 4.
-3030
What is 17 (base 8) in base 9?
16
What is 1 (base 10) in base 8?
1
What is 1 (base 9) in base 7?
1
Convert -4b (base 14) to base 2.
-1000011
-12 (base 6) to base 10
-8
Convert 0 (base 8) to base 5.
0
55 (base 12) to base 13
50
Convert -224 (base 5) to base 8.
-100
Convert -1 (base 11) to base 16.
-1
What is 11010 (base 2) in base 3?
222
What is 100 (base 2) in base 12?
4
Convert -1 (base 13) to base 4.
-1
What is -113 (base 6) in base 9?
-50
Convert -16 (base 16) to base 15.
-17
Convert 8 (base 16) to base 11.
8
What is 5 (base 14) in base 2?
101
-47 (base 9) to base 10
-43
109 (base 13) to base 5
1203
Convert -5 (base 13) to base 9.
-5
Convert 28 (base 9) to base 11.
24
What is 15a (base 13) in base 6?
1044
-3 (base 11) to base 3
-10
-31 (base 7) to base 16
-16
Convert a (base 14) to base 3.
101
What is -1a (base 11) in base 2?
-10101
1023 (base 6) to base 16
e7
Convert 11001 (base 2) to base 3.
221
Convert -1 (base 14) to base 9.
-1
2 (base 8) to base 10
2
-4 (base 5) to base 9
-4
2 (base 15) to base 4
2
-30 (base 5) to base 6
-23
What is 10 (base 5) in base 8?
5
-4 (base 11) to base 10
-4
Convert 3 (base 13) to base 4.
3
17 (base 15) to base 9
24
What is -c (base 14) in base 3?
-110
2 (base 10) to base 15
2
What is 233 (base 4) in base 9?
52
Convert -4 (base 10) to base 12.
-4
3 (base 7) to base 10
3
Convert 103 (base 9) to base 16.
54
Convert -47 (base 15) to base 5.
-232
What is 34 (base 10) in base 6?
54
-6e (base 16) to base 11
-a0
Convert 1043 (base 5) to base 13.
b5
65 (base 13) to base 16
53
-a (base 13) to base 14
-a
Convert -126 (base 11) to base 5.
-1044
What is -20 (base 9) in base 4?
-102
Convert 120 (base 5) to base 2.
100011
What is 0 (base 6) in base 16?
0
433 (base 7) to base 10
220
Convert -7 (base 11) to base 9.
-7
7 (base 14) to base 15
7
What is 0 (base 11) in base 10?
0
27 (base 16) to base 4
213
What is -7 (base 11) in base 15?
-7
14 (base 14) to base 6
30
What is c0 (base 15) in base 2?
10110100
What is a0 (base 12) in base 9?
143
Convert -2 (base 11) to base 6.
-2
What is 0 (base 11) in base 3?
0
-4 (base 5) to base 4
-10
-3 (base 6) to base 10
-3
Convert -2 (base 5) to base 9.
-2
Convert -17 (base 11) to base 13.
-15
What is 13 (base 4) in base 10?
7
What is -1 (base 5) in base 16?
-1
What is -11 (base 8) in base 15?
-9
1 (base 11) to base 4
1
What is -104 (base 6) in base 2?
-101000
Convert -18 (base 9) to base 7.
-23
What is 50 (base 8) in base 15?
2a
Convert -51 (base 15) to base 13.
-5b
What is 16 (base 9) in base 8?
17
Convert 1 (base 16) to base 13.
1
Convert -10221 (base 3) to base 5.
-411
Convert 43 (base 11) to base 2.
101111
What is -1102 (base 5) in base 11?
-129
What is -53 (base 8) in base 9?
-47
48 (base 15) to base 8
104
What is -2 (base 3) in base 16?
-2
Convert 2221 (base 3) to base 10.
79
Convert -3c (base 13) to base 6.
-123
What is 18 (base 9) in base 3?
122
What is -12102 (base 3) in base 15?
-9b
What is 1 (base 14) in base 15?
1
What is 1 (base 15) in base 11?
1
Convert 6 (base 16) to base 8.
6
Convert -45 (base 10) to base 5.
-140
-34 (base 5) to base 13
-16
Convert 8 (base 13) to base 2.
1000
Convert -4 (base 16) to base 3.
-11
What is 24 (base 6) in base 5?
31
What is 7 (base 10) in base 2?
111
What is -103 (base 5) in base 13?
-22
-31 (base 5) to base 4
-100
What is 110 (base 4) in base 5?
40
What is -4 (base 8) in base 12?
-4
29 (base 12) to base 11
30
Convert 34 (base 8) to base 15.
1d
-2 (base 15) to base 13
-2
69 (base 11) to base 4
1023
-2012 (base 4) to base 8
-206
111100 (base 2) to base 11
55
What is -130 (base 7) in base 3?
-2121
What is 1a4 (base 12) in base 11?
224
What is 42 (base 12) in base 9?
55
Convert 20 (base 10) to base 14.
16
Convert 28 (base 12) to base 16.
20
Convert 255 (base 6) to base 4.
1223
Convert 1 (base 11) to base 7.
1
1 (base 16) to base 10
1
Convert 57 (base 16) to base 3.
10020
42 (base 7) to base 4
132
-1 (base 2) to base 6
-1
What is -163 (base 7) in base 8?
-136
Convert 118 (base 9) to base 4.
1202
134 (base 8) to base 7
161
8 (base 11) to base 8
10
Convert -2 (base 14) to base 13.
-2
Convert -10001100 (base 2) to base 7.
-260
Convert 2 (base 3) to base 15.
2
What is 1 (base 6) in base 9?
1
3301 (base 4) to base 13
157
Convert -14 (base 7) to base 3.
-102
What is -8 (base 13) in base 16?
-8
What is 17 (base 13) in base 7?
26
-12 (base 3) to base 8
-5
What is -24 (base 12) in base 3?
-1001
What is -6 (base 14) in base 10?
-6
What is -13 (base 7) in base 2?
-1010
What is 1 (base 5) in base 12?
1
What is 9 (base 10) in base 15?
9
What is -2 (base 5) in base 6?
-2
Convert -11222 (base 3) to base 12.
-b2
What is 10 (base 15) in base 6?
23
b (base 12) to base 10
11
Convert 65 (base 11) to base 8.
107
What is 0 (base 10) in base 12?
0
34 (base 7) to base 2
11001
1b (base 13) to base 7
33
What is -10110 (base 2) in base 4?
-112
3 (base 14) to base 15
3
What is 21 (base 12) in base 2?
11001
2 (base 10) to base 9
2
What is 3 (base 8) in base 9?
3
Convert 0 (base 11) to base 12.
0
What is 104 (base 5) in base 6?
45
0 (base 5) to base 3
0
What is -aa (base 16) in base 3?
-20022
What is 511 (base 6) in base 5?
1222
What is -7 (base 10) in base 15?
-7
a1 (base 13) to base 15
8b
What is -1 (base 11) in base 3?
-1
What is -131 (base 15) in base 2?
-100001111
6b (base 13) to base 3
10022
Convert 230 (base 6) to base 4.
1122
Convert -3333 (base 4) to base 15.
-120
What is -301 (base 6) in base 11?
-9a
What is 6 (base 11) in base 10?
6
Convert 1110 (base 4) to base 16.
54
Convert 2 (base 3) to base 2.
10
-107 (base 9) to base 3
-10021
Convert 9 (base 16) to base 11.
9
Convert 2 (base 5) to base 13.
2
0 (base 7) to base 6
0
-1202 (base 3) to base 4
-233
-112 (base 3) to base 9
-15
What is -3 (base 15) in base 6?
-3
Convert -43 (base 13) to base 11.
-50
-10 (base 10) to base 5
-20
Convert -11 (base 14) to base 5.
-30
What is -34 (base 12) in base 5?
-130
0 (base 12) to base 10
0
Convert -102 (base 9) to base 14.
-5d
Convert 41 (base 5) to base 6.
33
5 (base 10) to base 13
5
Convert -d (base 14) to base 13.
-10
-d (base 14) to base 15
-d
3 (base 14) to base 2
11
What is -10001 (base 3) in base 12?
-6a
Convert -11 (base 4) to base 6.
-5
Convert 122 (base 4) to base 9.
28
Convert 1 (base 10) to base 3.
1
Convert 5 (base 6) to base 13.
5
-3 (base 9) to base 11
-3
Convert -3 (base 5) to base 15.
-3
Convert 2 (base 3) to base 2.
10
What is 5 (base 15) in base 11?
5
-21 (base 13) to base 14
-1d
Convert 5 (base 15) to base 4.
11
Convert 6 (base 10) to base 7.
6
Convert 1 (base 11) to base 9.
1
-227 (base 9) to base 4
-2323
What is -96 (base 13) in base 7?
-234
0 (base 6) to base 4
0
3 (base 11) to base 5
3
What is b9 (base 14) in base 2?
10100011
What is 214 (base 5) in base 13?
47
Convert -28 (base 12) to base 9.
-35
What is -4 (base 12) in base 9?
-4
What is 0 (base 12) in base 14?
0
What is 3 (base 11) in base 5?
3
Convert -214 (base 5) to base 15.
-3e
What is 9 (base 14) in base 2?
1001
What is -11000 (base 2) in base 14?
-1a
2 (base 16) to base 7
2
What is 101 (base 4) in base 6?
25
What is -7e (base 16) in base 6?
-330
Convert 6 (base 13) to base 5.
11
What is 11 (base 2) in base 8?
3
What is 25 (base 11) in base 3?
1000
Convert -102 (base 7) to base 14.
-39
-52 (base 13) to base 2
-1000011
What is 114 (base 5) in base 9?
37
Convert 166 (base 7) to base 15.
67
What is 0 (base 7) in base 8?
0
-112 (base 4) to base 12
-1a
What is -5 (base 10) in base 2?
-101
-103 (base 5) to base 3
-1001
What is 1312 (base 5) in base 6?
543
Convert -5 (base 9) to base 13.
-5
What is -101 (base 7) in base 2?
-110010
Convert 100010 (base 2) to base 11.
31
Convert -6a (base 12) to base 8.
-122
Convert -10 (base 7) to base 4.
-13
What is 3 (base 8) in base 5?
3
Convert -1 (base 15) to base 3.
-1
Convert -1 (base 8) to base 12.
-1
12 (base 5) to base 6
11
Convert -6 (base 8) to base 9.
-6
-3 (base 13) to base 10
-3
Convert 1 (base 3) to base 6.
1
-3 (base 11) to base 2
-11
20 (base 5) to base 7
13
-414 (base 8) to base 6
-1124
Convert -1110 (base 2) to base 5.
-24
What is -1 (base 8) in base 4?
-1
Convert -10001 (base 2) to base 4.
-101
-10 (base 6) to base 8
-6
What is -1 (base 10) in base 13?
-1
10012 (base 3) to base 10
86
C